{"id":60,"date":"2021-08-22T19:42:00","date_gmt":"2021-08-22T19:42:00","guid":{"rendered":"http:\/\/www.lukostrelecka-akademia.sk\/?page_id=60"},"modified":"2021-08-29T14:07:49","modified_gmt":"2021-08-29T14:07:49","slug":"treningy-zaciatocnikov","status":"publish","type":"page","link":"https:\/\/www.lukostrelecka-akademia.sk\/index.php\/treningy-zaciatocnikov\/","title":{"rendered":"Tr\u00e9ningy za\u010diato\u010dn\u00edkov"},"content":{"rendered":"\n<p>Tr\u00e9ningy za\u010diato\u010dn\u00edkov s\u00fa ur\u010den\u00e9 pre v\u0161etk\u00fdch, ktor\u00ed sa chc\u00fa nau\u010di\u0165 stre\u013ebu z\u00a0luku \u010di u\u017e pre z\u00e1bavu alebo s\u00a0cie\u013eom z\u00fa\u010dastni\u0165 sa na s\u00fa\u0165a\u017eiach. Za\u010diato\u010dn\u00edci sa nau\u010dia z\u00e1klady techniky stre\u013eby, pravidl\u00e1 a\u00a0princ\u00edpy lukostre\u013eby, z\u00edskaj\u00fa tr\u00e9ningov\u00e9 n\u00e1vyky a\u00a0absolvuj\u00fa jednoduch\u00fd fyzick\u00fd tr\u00e9ning. Pri v\u00fdu\u010dbe techniky stre\u013eby vyu\u017e\u00edvame syst\u00e9m cvi\u010den\u00ed, v\u010faka ktor\u00fdm strelca nau\u010d\u00edme \u0161pecifick\u00fdm pohybom a\u00a0postupne tak prejde k\u00a0stre\u013ebe z\u00a0luku so spr\u00e1vnymi n\u00e1vykmi. Strelci absolvuj\u00fa tr\u00e9ningy 2x t\u00fd\u017edenne a po\u010das tohto obdobia,  z\u00e1ujemcom zabezpe\u010d\u00edme tr\u00e9ningov\u00fd luk a\u00a0ostatn\u00e9 potrebn\u00e9 pom\u00f4cky.<\/p>\n\n\n\n<figure class=\"wp-block-image size-large\"><img loading=\"lazy\" width=\"1024\" height=\"718\" src=\"https:\/\/www.lukostrelecka-akademia.sk\/wp-content\/uploads\/2021\/08\/20200118_102121-1-1024x718.jpg\" alt=\"\" class=\"wp-image-204\" srcset=\"https:\/\/www.lukostrelecka-akademia.sk\/wp-content\/uploads\/2021\/08\/20200118_102121-1-1024x718.jpg 1024w, https:\/\/www.lukostrelecka-akademia.sk\/wp-content\/uploads\/2021\/08\/20200118_102121-1-300x210.jpg 300w, https:\/\/www.lukostrelecka-akademia.sk\/wp-content\/uploads\/2021\/08\/20200118_102121-1-768x539.jpg 768w, https:\/\/www.lukostrelecka-akademia.sk\/wp-content\/uploads\/2021\/08\/20200118_102121-1-1536x1078.jpg 1536w, https:\/\/www.lukostrelecka-akademia.sk\/wp-content\/uploads\/2021\/08\/20200118_102121-1-2048x1437.jpg 2048w, https:\/\/www.lukostrelecka-akademia.sk\/wp-content\/uploads\/2021\/08\/20200118_102121-1-214x150.jpg 214w\" sizes=\"(max-width: 1024px) 100vw, 1024px\" \/><\/figure>\n","protected":false},"excerpt":{"rendered":"<p>Tr\u00e9ningy za\u010diato\u010dn\u00edkov s\u00fa ur\u010den\u00e9 pre v\u0161etk\u00fdch, ktor\u00ed sa chc\u00fa nau\u010di\u0165 stre\u013ebu z\u00a0luku \u010di u\u017e pre z\u00e1bavu alebo s\u00a0cie\u013eom z\u00fa\u010dastni\u0165 sa na s\u00fa\u0165a\u017eiach. Za\u010diato\u010dn\u00edci sa nau\u010dia z\u00e1klady techniky stre\u013eby, pravidl\u00e1 a\u00a0princ\u00edpy lukostre\u013eby, z\u00edskaj\u00fa tr\u00e9ningov\u00e9 n\u00e1vyky a\u00a0absolvuj\u00fa &hellip;<\/p>\n","protected":false},"author":1,"featured_media":0,"parent":0,"menu_order":0,"comment_status":"closed","ping_status":"closed","template":"","meta":[],"_links":{"self":[{"href":"https:\/\/www.lukostrelecka-akademia.sk\/index.php\/wp-json\/wp\/v2\/pages\/60"}],"collection":[{"href":"https:\/\/www.lukostrelecka-akademia.sk\/index.php\/wp-json\/wp\/v2\/pages"}],"about":[{"href":"https:\/\/www.lukostrelecka-akademia.sk\/index.php\/wp-json\/wp\/v2\/types\/page"}],"author":[{"embeddable":true,"href":"https:\/\/www.lukostrelecka-akademia.sk\/index.php\/wp-json\/wp\/v2\/users\/1"}],"replies":[{"embeddable":true,"href":"https:\/\/www.lukostrelecka-akademia.sk\/index.php\/wp-json\/wp\/v2\/comments?post=60"}],"version-history":[{"count":3,"href":"https:\/\/www.lukostrelecka-akademia.sk\/index.php\/wp-json\/wp\/v2\/pages\/60\/revisions"}],"predecessor-version":[{"id":206,"href":"https:\/\/www.lukostrelecka-akademia.sk\/index.php\/wp-json\/wp\/v2\/pages\/60\/revisions\/206"}],"wp:attachment":[{"href":"https:\/\/www.lukostrelecka-akademia.sk\/index.php\/wp-json\/wp\/v2\/media?parent=60"}],"curies":[{"name":"wp","href":"https:\/\/api.w.org\/{rel}","templated":true}]}}