{"id":58,"date":"2021-08-22T19:40:39","date_gmt":"2021-08-22T19:40:39","guid":{"rendered":"http:\/\/www.lukostrelecka-akademia.sk\/?page_id=58"},"modified":"2021-08-22T19:40:40","modified_gmt":"2021-08-22T19:40:40","slug":"treningy-pre-profesionalov","status":"publish","type":"page","link":"https:\/\/www.lukostrelecka-akademia.sk\/index.php\/treningy-pre-profesionalov\/","title":{"rendered":"Tr\u00e9ningy pre profesion\u00e1lov"},"content":{"rendered":"\n<p>Tr\u00e9ningy pre profesion\u00e1lov s\u00fa ur\u010den\u00e9 pre strelcov, ktor\u00fdch cie\u013eom \u00fa\u010das\u0165 v\u00a0reprezent\u00e1cii a\u00a0medzin\u00e1rodn\u00fdch s\u00fa\u0165a\u017eiach. Strelcom s\u00a0najvy\u0161\u0161\u00edmi cie\u013emi zabezpe\u010dujeme v\u0161etky potrebn\u00e9 tr\u00e9ningov\u00e9 podmienky, ka\u017edodenn\u00fa starostlivos\u0165 a\u00a0kou\u010ding, v\u010faka \u010domu s\u00fa schopn\u00ed neust\u00e1le napredova\u0165 a\u017e sa v\u00fdkonnostne dostan\u00fa na medzin\u00e1rodn\u00fa \u00farove\u0148. Cie\u013eom je boj o\u00a0medaily na medzin\u00e1rodn\u00fdch podujatiach.<\/p>\n","protected":false},"excerpt":{"rendered":"<p>Tr\u00e9ningy pre profesion\u00e1lov s\u00fa ur\u010den\u00e9 pre strelcov, ktor\u00fdch cie\u013eom \u00fa\u010das\u0165 v\u00a0reprezent\u00e1cii a\u00a0medzin\u00e1rodn\u00fdch s\u00fa\u0165a\u017eiach. Strelcom s\u00a0najvy\u0161\u0161\u00edmi cie\u013emi zabezpe\u010dujeme v\u0161etky potrebn\u00e9 tr\u00e9ningov\u00e9 podmienky, ka\u017edodenn\u00fa starostlivos\u0165 a\u00a0kou\u010ding, v\u010faka \u010domu s\u00fa schopn\u00ed neust\u00e1le napredova\u0165 a\u017e sa v\u00fdkonnostne dostan\u00fa na &hellip;<\/p>\n","protected":false},"author":1,"featured_media":0,"parent":0,"menu_order":0,"comment_status":"closed","ping_status":"closed","template":"","meta":[],"_links":{"self":[{"href":"https:\/\/www.lukostrelecka-akademia.sk\/index.php\/wp-json\/wp\/v2\/pages\/58"}],"collection":[{"href":"https:\/\/www.lukostrelecka-akademia.sk\/index.php\/wp-json\/wp\/v2\/pages"}],"about":[{"href":"https:\/\/www.lukostrelecka-akademia.sk\/index.php\/wp-json\/wp\/v2\/types\/page"}],"author":[{"embeddable":true,"href":"https:\/\/www.lukostrelecka-akademia.sk\/index.php\/wp-json\/wp\/v2\/users\/1"}],"replies":[{"embeddable":true,"href":"https:\/\/www.lukostrelecka-akademia.sk\/index.php\/wp-json\/wp\/v2\/comments?post=58"}],"version-history":[{"count":1,"href":"https:\/\/www.lukostrelecka-akademia.sk\/index.php\/wp-json\/wp\/v2\/pages\/58\/revisions"}],"predecessor-version":[{"id":59,"href":"https:\/\/www.lukostrelecka-akademia.sk\/index.php\/wp-json\/wp\/v2\/pages\/58\/revisions\/59"}],"wp:attachment":[{"href":"https:\/\/www.lukostrelecka-akademia.sk\/index.php\/wp-json\/wp\/v2\/media?parent=58"}],"curies":[{"name":"wp","href":"https:\/\/api.w.org\/{rel}","templated":true}]}}