{"id":54,"date":"2021-08-22T19:37:33","date_gmt":"2021-08-22T19:37:33","guid":{"rendered":"http:\/\/www.lukostrelecka-akademia.sk\/?page_id=54"},"modified":"2021-08-29T13:55:40","modified_gmt":"2021-08-29T13:55:40","slug":"system-treningu-2","status":"publish","type":"page","link":"https:\/\/www.lukostrelecka-akademia.sk\/index.php\/system-treningu-2\/","title":{"rendered":"Syst\u00e9m tr\u00e9ningu"},"content":{"rendered":"\n<p>Pri v\u00fdu\u010dbe vyu\u017e\u00edvame k\u00f3rejsk\u00fd syst\u00e9m pre n\u00e1cvik jednotliv\u00fdch prvkov techniky stre\u013eby. Vo v\u0161eobecnosti u\u00a0strelcov uplat\u0148ujeme individu\u00e1lny pr\u00edstup a\u00a0cie\u013eavedom\u00fdm tr\u00e9ningom pracujeme na zlep\u0161ovan\u00ed nedostatkov a\u00a0v\u00fdkonnostnom raste s\u00a0cie\u013eom dosiahnu\u0165 \u00farove\u0148 svetovej \u0161pi\u010dky v\u00a0tomto \u0161porte. S\u00fa\u010das\u0165ou tr\u00e9ningu je aj fyzick\u00e1 a hlavne ment\u00e1lna pr\u00edprava s\u00a0d\u00f4razom na z\u00edskavanie schopnosti koncentr\u00e1cie a\u00a0sebaovl\u00e1dania, ktor\u00e9 s\u00fa vo vrcholovej\u00a0lukostre\u013ebe, ale aj be\u017enom \u017eivote nesmierne d\u00f4le\u017eit\u00e9. V\u00a0neposlednom rade sa sna\u017e\u00edme, aby si lukostrelci tento \u0161port u\u017e\u00edvali, bol pre nich z\u00e1bavou a\u00a0aby sa strelci vz\u00e1jomne motivovali a\u00a0pom\u00e1hali si pos\u00fava\u0165 sa za svojimi cie\u013emi ako jeden t\u00edm.<\/p>\n\n\n\n<figure class=\"wp-block-image size-large\"><img loading=\"lazy\" width=\"1024\" height=\"273\" src=\"https:\/\/www.lukostrelecka-akademia.sk\/wp-content\/uploads\/2021\/08\/nacvik-strelby-1024x273.png\" alt=\"\" class=\"wp-image-200\" srcset=\"https:\/\/www.lukostrelecka-akademia.sk\/wp-content\/uploads\/2021\/08\/nacvik-strelby-1024x273.png 1024w, https:\/\/www.lukostrelecka-akademia.sk\/wp-content\/uploads\/2021\/08\/nacvik-strelby-300x80.png 300w, https:\/\/www.lukostrelecka-akademia.sk\/wp-content\/uploads\/2021\/08\/nacvik-strelby-768x205.png 768w, https:\/\/www.lukostrelecka-akademia.sk\/wp-content\/uploads\/2021\/08\/nacvik-strelby-389x104.png 389w, https:\/\/www.lukostrelecka-akademia.sk\/wp-content\/uploads\/2021\/08\/nacvik-strelby.png 1516w\" sizes=\"(max-width: 1024px) 100vw, 1024px\" \/><\/figure>\n","protected":false},"excerpt":{"rendered":"<p>Pri v\u00fdu\u010dbe vyu\u017e\u00edvame k\u00f3rejsk\u00fd syst\u00e9m pre n\u00e1cvik jednotliv\u00fdch prvkov techniky stre\u013eby. Vo v\u0161eobecnosti u\u00a0strelcov uplat\u0148ujeme individu\u00e1lny pr\u00edstup a\u00a0cie\u013eavedom\u00fdm tr\u00e9ningom pracujeme na zlep\u0161ovan\u00ed nedostatkov a\u00a0v\u00fdkonnostnom raste s\u00a0cie\u013eom dosiahnu\u0165 \u00farove\u0148 svetovej \u0161pi\u010dky v\u00a0tomto \u0161porte. S\u00fa\u010das\u0165ou tr\u00e9ningu je &hellip;<\/p>\n","protected":false},"author":1,"featured_media":0,"parent":0,"menu_order":0,"comment_status":"closed","ping_status":"closed","template":"","meta":[],"_links":{"self":[{"href":"https:\/\/www.lukostrelecka-akademia.sk\/index.php\/wp-json\/wp\/v2\/pages\/54"}],"collection":[{"href":"https:\/\/www.lukostrelecka-akademia.sk\/index.php\/wp-json\/wp\/v2\/pages"}],"about":[{"href":"https:\/\/www.lukostrelecka-akademia.sk\/index.php\/wp-json\/wp\/v2\/types\/page"}],"author":[{"embeddable":true,"href":"https:\/\/www.lukostrelecka-akademia.sk\/index.php\/wp-json\/wp\/v2\/users\/1"}],"replies":[{"embeddable":true,"href":"https:\/\/www.lukostrelecka-akademia.sk\/index.php\/wp-json\/wp\/v2\/comments?post=54"}],"version-history":[{"count":2,"href":"https:\/\/www.lukostrelecka-akademia.sk\/index.php\/wp-json\/wp\/v2\/pages\/54\/revisions"}],"predecessor-version":[{"id":201,"href":"https:\/\/www.lukostrelecka-akademia.sk\/index.php\/wp-json\/wp\/v2\/pages\/54\/revisions\/201"}],"wp:attachment":[{"href":"https:\/\/www.lukostrelecka-akademia.sk\/index.php\/wp-json\/wp\/v2\/media?parent=54"}],"curies":[{"name":"wp","href":"https:\/\/api.w.org\/{rel}","templated":true}]}}